ppose -o + 3*s + 16 = 2*s, 3*o - 4*s - h = 0. What is the units digit of o?
9
What is the units digit of 1*(-4)/5 + (-1308)/(-10)?
0
Let z(g) = g + 4. Let i be z(-4). Suppose i = 4*p - 3*k - 186, -3*k + 84 = 2*p - 0*k. Suppose 5*o - p = 2*o. What is the tens digit of o?
1
Suppose -2*p + 15 = -41. What is the units digit of 130/14 + (-8)/p?
9
Let h be 18/(-12)*(-10)/3. Suppose -3*s - 4 + 10 = 0. Suppose -x + s = -2*m, m + 1 + 18 = h*x. What is the units digit of x?
4
Suppose -3*f = 2*f - 155. Suppose 0 = 3*s - 5*x - 51, 5*s - 4*x - 41 = f. What is the units digit of s?
2
Let k(p) = 72*p. Let v be k(1). Suppose 0 = -5*i - 3*s + 116, 4*i - 24 = -4*s + v. What is the units digit of i?
2
Let c be (15/10)/((-3)/4). Let b = 15 + -9. Let g = b + c. What is the units digit of g?
4
Suppose -g = g - 16. Suppose 0 = -7*n + g*n - 13. What is the units digit of n?
3
Suppose g + 0 = -5*x + 17, 2*g - x + 21 = 0. Let m = g - -7. Let b(n) = -15*n**3 - n**2 - n - 1. What is the tens digit of b(m)?
1
Let h = -511 - -778. What is the units digit of h?
7
Let d be 21*(1 + 1)/2. Let i = d - 9. What is the units digit of i?
2
Suppose -s + 7 = c, 4 = s + 4*c - 0*c. What is the units digit of 3 + s + 2 + -5?
8
Suppose -2*j = -b - 3, -b - 3*j - 1 = -23. Suppose b = -4*s + 3. What is the tens digit of ((-10)/25)/(s/45)?
1
Let j(q) = 2*q**3 + q**2 - 6*q - 1. What is the tens digit of j(3)?
4
Let f = -22 + 25. Suppose q - 3*w = w + 50, 114 = 3*q - f*w. What is the tens digit of q?
3
Let f(s) = -2*s + 4. Let z be f(-7). Let b(w) = -w**3 + 9*w**2 + 9*w - 1. Let l be b(10). Let q = l + z. What is the units digit of q?
7
Let g(q) be the first derivative of -q**3/3 + 11*q**2/2 + 13*q - 2. What is the units digit of g(12)?
1
Suppose 3*p - i = 3*i + 328, 112 = p - 2*i. What is the tens digit of p?
0
Suppose -4*t - 5*s = -583, 5*t - 2*t = s + 461. What is the units digit of t?
2
Let y(r) = -r**2 - 15*r - 27. What is the units digit of y(-11)?
7
Suppose 0 = 5*i + 7*i - 1176. What is the units digit of i?
8
Let t(x) be the second derivative of -x**3/6 - x**2/2 - 5*x. What is the units digit of t(-8)?
7
Suppose 0 = z + 4*z, -4*o = -5*z - 8. Suppose 0 = -3*c + 5*u + 131, 3*c + c - 128 = -5*u. Suppose 0 = -o*y, 5*s - c = y - 2. What is the units digit of s?
7
Let t(y) = y + 6. Let m be t(3). Suppose -5*k + 120 = -h, -4*k - m = -4*h - 105. What is the tens digit of k?
2
Let v = 7 + -6. What is the units digit of (10/(-25))/(v/(-20))?
8
Let l = 38 - -27. What is the units digit of l?
5
Let l(q) = 3*q - 8. What is the units digit of l(5)?
7
Suppose 5*r = 5*u - 185, 0 = 5*u + 3*r - r - 185. What is the tens digit of u?
3
Let t(q) = -7*q + 3. What is the tens digit of t(-5)?
3
Let n = -130 + 190. What is the tens digit of n?
6
Suppose -d + 85 = -33. Let y = d + -78. What is the tens digit of y?
4
Let k(s) = -s**2 + 11*s - 1. Let a be k(5). Suppose 39 = q - r, -4*q + 128 = -5*r - a. What is the units digit of q?
8
Let f = -1 - -1. Suppose l - 1 + f = 0. What is the units digit of l?
1
Let n(f) = f**2 + 5*f + 3. Let h be n(-6). Suppose -4*z - h = 3, -4*s = -3*z - 49. What is the tens digit of s?
1
Let d(q) = 5*q + 1. What is the units digit of d(3)?
6
Let p(n) be the first derivative of 11*n**3/3 + n**2/2 - 4*n + 6. What is the units digit of p(-2)?
8
Let v(p) = p**3 - 7*p**2 + 5*p + 5. Let w be v(5). Let s = 29 + w. What is the units digit of s?
9
Let y(l) = -3 + 3 + 2*l + 2*l. What is the units digit of y(1)?
4
Let r be 5/3 + 2/(-3). Let o be r/(-1) - (-3 + -2). What is the units digit of (10/o + -3)*-12?
6
Let w(r) = 6*r**3 + 1 - r**3 - 3*r**3 - 2*r**2. Let g be ((-10)/15)/((-2)/3). What is the units digit of w(g)?
1
Suppose -4*s + 16 - 4 = 0. Suppose -2*v = z + 4, -2*z + s*z = -v + 1. What is the units digit of z?
6
Let g = -4 + -2. Let l be 3/(0 + g/(-8)). Suppose -7 = -t - l. What is the units digit of t?
3
Let j be ((-14)/(-4))/((-1)/(-2)). Let v = -6 + j. Let a(n) = 2*n**3 - 2*n**2 + n. What is the units digit of a(v)?
1
Let l(a) = a**3 + 5*a**2 + 4*a + 3. Let i be l(-4). Suppose 49 = -5*s - i*g + 5*g, 4*s + 59 = -5*g. Let o = 22 + s. What is the tens digit of o?
1
Let r(y) = -y**3 + 11*y**2 - 10*y + 10. Suppose 3*u = 4*k + 13, 4*k = 4*u + 2*k - 34. Let j = -1 + u. What is the tens digit of r(j)?
1
Let m = -1 - -4. Let q be (-1)/m - (-32)/6. Suppose -v - q = -24. What is the units digit of v?
9
Let u(d) = -d**3 - 11*d**2 - 15*d - 7. Let w be u(-10). Suppose -w + 5 = -2*s + 4*o, -2*o + 86 = 4*s. What is the units digit of s?
1
Suppose -64 = 4*l - 12. Let t = 15 + l. What is the units digit of t?
2
Let s = 12 - 32. Let o = -2 - -4. What is the tens digit of (24/s)/(o/(-30))?
1
Let g(k) = k**3 + 7*k**2 + 2. Let z be g(-7). Suppose 0*x + 68 = 5*s + 2*x, -z*s + 32 = 2*x. Suppose b + 1 = s. What is the units digit of b?
1
Suppose -60 = -o - o. What is the units digit of 22/10 + (-6)/o?
2
Let u be 2/(-2) + -2 + -3. Let l be 2/u - (-4)/3. What is the units digit of l - (-3 + 1 + -6)?
9
Let i(c) = 3*c**2 - 8*c + 5. What is the units digit of i(5)?
0
Suppose 2*z + 1 = 4*w - 3, 2*w + 3*z = 10. Suppose 4*g = w*g + 68. What is the units digit of g?
4
Suppose 3*k + 0*k - 27 = 0. Let l = -2 - -2. Let r = l + k. What is the units digit of r?
9
What is the units digit of 2*(-4)/(-6)*3?
4
Let z(n) = 2*n + 2. Suppose -2 = l + 3*l + 3*w, l = -3*w + 4. Let f be z(l). What is the tens digit of (1/f)/(4/(-112))?
1
Let g = 12 + 149. What is the hundreds digit of g?
1
Suppose n = -n - 16. Let m = n - -12. What is the units digit of m?
4
Let p = 22 - 11. Suppose 0 = 3*s - 2*s - p. What is the units digit of s?
1
What is the units digit of 33/(-9)*(1 + -4)?
1
Suppose 0 = -22*n + 20*n. Let q(m) be the first derivative of -m**4/4 - m**3/3 + 8*m + 1. What is the units digit of q(n)?
8
Suppose -3*v = -0*v - 12. What is the units digit of v/(-8) - (-3)/2?
1
Suppose -76 = 14*x - 678. What is the tens digit of x?
4
Let w = 10 + 17. Suppose -w = -2*a + 3. What is the units digit of a?
5
Suppose b = -3*g + 8 + 11, b + 11 = 2*g. Suppose -g*l + 36 = -2*l. What is the units digit of l?
9
Suppose 4*g - 9 = -6*i + 3*i, -5*i = -5*g + 55. What is the units digit of 112/g - (-2)/6?
9
Suppose 3*y + 724 = 7*y + g, 0 = -4*y + 4*g + 744. What is the units digit of y?
2
Suppose -m - 4 - 10 = 5*v, -3*m = 5*v + 22. Let p be (-5 + v)*(-6)/(-7). Let g = p + 11. What is the units digit of g?
5
Suppose 4*u = -21 + 1. Let v = u - -11. What is the units digit of v?
6
Suppose 5*n - 25 = 5*d, -4*d = n - 6*d - 5. Suppose -i + n = 2. Suppose -i*a = -a - 4. What is the units digit of a?
2
Let n be (0 + (-2 - -3))*1. Let m(d) = -d**3 + 2*d - 1. Let u be m(n). Suppose u = 4*p - 16 - 0. What is the units digit of p?
4
Suppose 0*c + 2*c = 2*l - 150, 5*l = -4*c + 375. What is the tens digit of l?
7
Suppose 0*x - 3*x = -3. Suppose -x = -f + 10. What is the units digit of (-3 - -2)/((-1)/f)?
1
Let v(x) = x**3 + 6*x**2 - 7*x + 10. Let m be v(-7). Suppose -m = -g + 9. What is the units digit of g?
9
Let p(m) = m**2 + 8*m + 10. Let v be p(-8). Suppose -u - v = -2*i, i = -0*i - 4*u + 23. What is the units digit of i?
7
Let k = 6 - 4. Let m(g) = 0*g**k + 3*g**3 + 0*g**2 - g. What is the units digit of m(1)?
2
Suppose -j = -321 + 22. What is the tens digit of j?
9
What is the tens digit of 5/(-20) + (-2)/((-32)/1300)?
8
Suppose 2*a = a - 5*u + 22, -3*a + 2*u - 2 = 0. Let r be ((-3)/(-3) - a)/(-1). What is the units digit of r + (1 - 2) + 2?
2
Let t be -5 - -2 - 1*-1. Let d = 0 - t. What is the units digit of (-84)/(-16) + d/(-8)?
5
Let t be (-10)/(-4) + 3/(-2). What is the units digit of 9 + -2 + (t - 0)?
8
Let f be 2 - (-2)/(-2) - -8. Suppose 0 = -p - 3*p + 12. Suppose 0 = -4*v + f + p. What is the units digit of v?
3
Suppose 0 = 4*y + 20, 1059 - 109 = 5*o - 5*y. What is the units digit of o?
5
Let f(d) be the first derivative of -d**4/4 + 2*d**3 + 3*d**2/2 - 7*d + 3. What is the tens digit of f(6)?
1
Suppose -3*o + 2*o = 16. Let b = -42 - -79. Let s = o + b. What is the units digit of s?
1
Let r = 0 + 0. Suppose r - 4 = 2*p. Let w = 7 + p. What is the units digit of w?
5
Suppose 2*p - 396 = -p. What is the hundreds digit of p?
1
Let f(w) = 56*w. What is the tens digit of f(1)?
5
Suppose -2*c + 3 = d, 0*d = 5*d - 2*c - 3. Suppose 3 = 2*z + 3*f + 9, 2*z 